1100111001000?
-100001100111000110
In base 11, what is 51 + -18093?
-18042
In base 11, what is 283 - -241?
514
In base 11, what is -7 - -366497?
366490
In base 13, what is -115 + 81?
-64
In base 7, what is -30066 - -150?
-26616
In base 9, what is -33175 + -10?
-33185
In base 13, what is 9 + 2211?
221a
In base 14, what is -cd3 + -6?
-cd9
In base 14, what is -2c + -17ad?
-17db
In base 16, what is 5 + -44cd?
-44c8
In base 7, what is 1466462 + -4?
1466455
In base 8, what is -2233474 - 1?
-2233475
In base 5, what is 10 + -1030102?
-1030042
In base 7, what is 200 - 1453?
-1253
In base 10, what is 716 - -82?
798
In base 16, what is -4 - 4b5bd?
-4b5c1
In base 11, what is 5 + 20457?
20461
In base 14, what is -b + 52a2?
5295
In base 9, what is -150224 - -5?
-150218
In base 16, what is -1 + e92?
e91
In base 4, what is -20112010 + -213?
-20112223
In base 3, what is -210202 - -2211?
-200221
In base 2, what is 100 + 110110100100010000000?
110110100100010000100
In base 8, what is -2 + 273330?
273326
In base 14, what is -125 + 120?
-5
In base 16, what is 976 - -ab?
a21
In base 12, what is 9 + -1452b?
-14522
In base 5, what is -100 + 302241?
302141
In base 12, what is 4a87 + 4?
4a8b
In base 9, what is -388516 + -2?
-388518
In base 12, what is 4 - b93a?
-b936
In base 7, what is -166 + 1066?
600
In base 5, what is -2214240440 + 0?
-2214240440
In base 8, what is 0 - -13250?
13250
In base 3, what is -212101211000 + -101?
-212101211101
In base 2, what is -1 - -100101111010001100101?
100101111010001100100
In base 12, what is 1 - -5a48?
5a49
In base 3, what is -12 + 102210100110?
102210100021
In base 8, what is -3 + -4551440?
-4551443
In base 6, what is 3 - 10302024?
-10302021
In base 7, what is 1520 + 21215?
23035
In base 10, what is 345936 - 4?
345932
In base 5, what is 42 + 23234?
23331
In base 10, what is -56727 - 2?
-56729
In base 15, what is 1560c0 - -1?
1560c1
In base 4, what is -1000230112 + 1?
-1000230111
In base 15, what is de1 - 14?
dcc
In base 2, what is 1100100 + 10001110000110?
10001111101010
In base 5, what is -4122011 - -10?
-4122001
In base 16, what is 26fe60 - 3?
26fe5d
In base 12, what is -5 + -8124?
-8129
In base 5, what is 23320034 + 2?
23320041
In base 6, what is 200 + -2022003?
-2021403
In base 12, what is 264b - -a?
2659
In base 12, what is -2b3 - -32?
-281
In base 5, what is 223 - -1123?
1401
In base 8, what is -12264 - -1045?
-11217
In base 16, what is 9 - 975f?
-9756
In base 7, what is 562 - 123?
436
In base 14, what is 376 - 49?
32b
In base 9, what is 1136700 + 1?
1136701
In base 9, what is -51 - 371?
-432
In base 14, what is cab6b - 5?
cab66
In base 9, what is -467543 - 0?
-467543
In base 11, what is -104248 + -6?
-104253
In base 15, what is -5a14 + 24?
-59e0
In base 13, what is -107 + 7a?
-5a
In base 2, what is 1111000010 + -1011111?
1101100011
In base 11, what is 3013 + -9?
3005
In base 16, what is -2ab - 86?
-331
In base 8, what is 13 + 605056?
605071
In base 16, what is f0e - 0?
f0e
In base 15, what is -4bc + -401?
-8bd
In base 11, what is -5 + -57612a?
-576134
In base 4, what is -1 + -3210233?
-3210300
In base 11, what is 127a + 14?
1293
In base 11, what is 4 + 187439?
187442
In base 5, what is 2441322 + -1?
2441321
In base 7, what is 51 - 103551?
-103500
In base 5, what is 304232 + -4?
304223
In base 3, what is 2122100121112 - -10?
2122100121122
In base 2, what is 1 - -11111110000001?
11111110000010
In base 5, what is 40 + -42014?
-41424
In base 12, what is 2025 + -14?
2011
In base 4, what is -322313 + 230?
-322023
In base 14, what is 0 - aac7?
-aac7
In base 15, what is 51 + -2552?
-2501
In base 11, what is 7 + 11336?
11342
In base 9, what is -16 + 750585?
750568
In base 5, what is 10 + 13422400?
13422410
In base 9, what is 12232604 - 4?
12232600
In base 13, what is 21 + -51?
-30
In base 2, what is 1 - -10011010111100001000?
10011010111100001001
In base 7, what is 25131 - -12?
25143
In base 10, what is -20802 + 9?
-20793
In base 16, what is -190 + 2ea?
15a
In base 16, what is 36e2 - -2?
36e4
In base 16, what is -34003 - 5?
-34008
In base 14, what is 615 - 35?
5c0
In base 5, what is -3 - 13242010?
-13242013
In base 12, what is 974 - 786?
1aa
In base 3, what is 101 + -2202001?
-2201200
In base 10, what is 239 - 2910?
-2671
In base 15, what is -396 + -36?
-3cc
In base 2, what is 1100110 - -1110101110?
10000010100
In base 11, what is -1763a + 60?
-1758a
In base 11, what is 1 + -20616?
-20615
In base 2, what is 1101 + -11011011110010101?
-11011011110001000
In base 12, what is 2399 - -7?
23a4
In base 13, what is 91 + 12c8?
1389
In base 12, what is 8 - -3080b?
30817
In base 11, what is 3 - 23a765?
-23a762
In base 11, what is 2063a09 + 0?
2063a09
In base 16, what is 1aca + -8b?
1a3f
In base 10, what is 35 + 2505?
2540
In base 15, what is 0 + 39e8?
39e8
In base 12, what is -a56 + 6b1?
-365
In base 5, what is 10 - 12343130?
-12343120
In base 12, what is 583aa3 + -1?
583aa2
In base 10, what is 4215 + -5?
4210
In base 3, what is -1001000 - 10202?
-1011202
In base 8, what is 2 - -127474?
127476
In base 3, what is 1 - 2000002?
-2000001
In base 3, what is -10 - 11100122?
-11100202
In base 8, what is -1075 - 4130?
-5225
In base 8, what is -552146 + 5?
-552141
In base 9, what is 42565 + 38?
42614
In base 5, what is 40403242 + 1?
40403243
In base 11, what is 3 + 267?
26a
In base 8, what is -4614607 + 3?
-4614604
In base 16, what is 1 + 93b97?
93b98
In base 8, what is -2 - 1367066?
-1367070
In base 10, what is 218229 - 2?
218227
In base 13, what is -17 + -595?
-5ac
In base 4, what is -131200033 + 20?
-131200013
In base 15, what is 3d3 + 1?
3d4
In base 8, what is 2442057 + 5?
2442064
In base 12, what is 1b9 - -381?
57a
In base 10, what is -5077 + -396?
-5473
In base 6, what is 1 + -11002044?
-11002043
In base 11, what is 8 - 36?
-29
In base 8, what is 4 + 315465?
315471
In base 16, what is 5 + -77712?
-7770d
In base 15, what is -4 + 1e4a0?
1e49b
In base 16, what is -2 - -13107?
13105
In base 16, what is -8390a + 0?
-8390a
In base 15, what is -1124 + d?
-1116
In base 5, what is -1201 + -130242?
-131443
In base 6, what is -13221 + 24?
-13153
In base 4, what is -22102330 - 32?
-22103022
In base 12, what is a7 + 1389?
1474
In base 9, what is -1265 - -435?
-730
In base 7, what is -145 + 2214?
2036
In base 12, what is -69a + -11b?
-7b9
In base 6, what is -13413532 + -1?
-13413533
In base 15, what is -1e86c0 + -4?
-1e86c4
In base 9, what is 57 - 7546?
-7478
In base 12, what is -37 - 1324?
-135b
In base 11, what is -20490 - 3?
-20493
In base 6, what is 11 - 1330521?
-1330510
In base 8, what is 2434 - -10?
2444
In base 13, what is 5 + 1c4c6?
1c4cb
In base 11, what is 5 + 746?
750
In base 13, what is -682 + -135?
-7b7
In base 16, what is -4 + 8078?
8074
In base 14, what is 18 + 289d0?
28a08
In base 5, what is -213132 + 340?
-212242
In base 9, what is -3873 - -11?
-3862
In base 7, what is 36064 + -164?
35600
In base 16, what is a20b - -1?
a20c
In base 8, what is -31016 - 1?
-31017
In base 6, what is -5 - 514025?
-514034
In base 13, what is 5 + -6345?
-6340
In base 12, what is -4396 + 7?
-438b
In base 8, what is 35563 + -5?
35556
In base 16, what is -3 - -a33c?
a339
In base 6, what is -135115313 + -2?
-135115315
In base 12, what is 0 + 21505?
21505
In base 16, what is 22 + -108c?
-106a
In base 6, what is 450233 - -32?
450305
In base 8, what is -625 + 170?
-435
In base 13, what is 3 - 3c934?
-3c931
In base 13, what is -1 - 555336?
-555337
In base 4, what is -110011 + 30330?
-13021
In base 3, what is 100 + 222111011?
222111111
In base 10, what is -65632 + 52?
-65580
In base 4, what is 112013 - 10201?
101212
In base 15, what is 1b0 + 12?
1c2
In base 8, what is 112267 - -5?
112274
In base 16, what is 176 - 2?
174
In base 15, what is -225 - -112c?
e07
In base 5, what is -3204423143 + 2?
-3204423141
In base 8, what is 4407 + -37?
4350
In base 4, what is 122103 - 3?
122100
In base 6, what is 30004 - -220?
30224
In base 16, what is -1b + e59?
e3e
In base 12, what is -27035 + 35?
-27000
In base 5, what is 14143 + 32220?
101413
In base 7, what is -25242 - 233?
-25505
In base 12, what is -1 - -42087?
42086
In base 2, what is 1001010111101011 + -1?
1001010111101010
In base 13, what is 2 + -54bc?
-54ba
In base 16, what is 10bd - -2?
10bf
In base 14, what is -71 - 198?
-22